{"id":12,"date":"2023-06-12T16:56:11","date_gmt":"2023-06-12T19:56:11","guid":{"rendered":"https:\/\/otimizacaotop20.com.br\/pastorinho\/?page_id=12"},"modified":"2024-11-22T10:50:23","modified_gmt":"2024-11-22T13:50:23","slug":"empresa-pastorinho","status":"publish","type":"page","link":"https:\/\/pastorinho.com.br\/lojabandeirantes\/empresa-pastorinho\/","title":{"rendered":"Empresa Pastorinho"},"content":{"rendered":"\t\t<div data-elementor-type=\"wp-page\" data-elementor-id=\"12\" class=\"elementor elementor-12\" data-elementor-post-type=\"page\">\n\t\t\t\t<div class=\"elementor-element elementor-element-6e72de9e e-flex e-con-boxed e-con e-parent\" data-id=\"6e72de9e\" data-element_type=\"container\" data-e-type=\"container\" id=\"empresa\">\n\t\t\t\t\t<div class=\"e-con-inner\">\n\t\t<div class=\"elementor-element elementor-element-1b32ab48 e-con-full animated-slow e-flex elementor-invisible e-con e-child\" data-id=\"1b32ab48\" data-element_type=\"container\" data-e-type=\"container\" data-settings=\"{&quot;animation&quot;:&quot;fadeIn&quot;}\">\n\t\t\t\t<div class=\"elementor-element elementor-element-6bb4ed76 elementor-widget elementor-widget-image\" data-id=\"6bb4ed76\" data-element_type=\"widget\" data-e-type=\"widget\" data-widget_type=\"image.default\">\n\t\t\t\t\t\t\t\t\t\t\t\t\t\t\t<img fetchpriority=\"high\" decoding=\"async\" width=\"1499\" height=\"971\" src=\"https:\/\/pastorinho.com.br\/lojabandeirantes\/wp-content\/uploads\/2023\/06\/sobre-o-supermercado-pastorinho.jpeg\" class=\"attachment-full size-full wp-image-727\" alt=\"\" srcset=\"https:\/\/pastorinho.com.br\/lojabandeirantes\/wp-content\/uploads\/2023\/06\/sobre-o-supermercado-pastorinho.jpeg 1499w, https:\/\/pastorinho.com.br\/lojabandeirantes\/wp-content\/uploads\/2023\/06\/sobre-o-supermercado-pastorinho-300x194.jpeg 300w, https:\/\/pastorinho.com.br\/lojabandeirantes\/wp-content\/uploads\/2023\/06\/sobre-o-supermercado-pastorinho-1024x663.jpeg 1024w, https:\/\/pastorinho.com.br\/lojabandeirantes\/wp-content\/uploads\/2023\/06\/sobre-o-supermercado-pastorinho-768x497.jpeg 768w, https:\/\/pastorinho.com.br\/lojabandeirantes\/wp-content\/uploads\/2023\/06\/sobre-o-supermercado-pastorinho-600x389.jpeg 600w, https:\/\/pastorinho.com.br\/lojabandeirantes\/wp-content\/uploads\/2023\/06\/elementor\/thumbs\/sobre-o-supermercado-pastorinho-q80d6ntmknf6xrcgwe1xsdicdb5vtlu5lv1ur3709g.jpeg 596w\" sizes=\"(max-width: 1499px) 100vw, 1499px\" \/>\t\t\t\t\t\t\t\t\t\t\t\t\t\t\t<\/div>\n\t\t\t\t<\/div>\n\t\t<div class=\"elementor-element elementor-element-437ec977 e-con-full e-flex e-con e-child\" data-id=\"437ec977\" data-element_type=\"container\" data-e-type=\"container\">\n\t\t\t\t<div class=\"elementor-element elementor-element-2e7d291d animated-slow elementor-invisible elementor-widget elementor-widget-heading\" data-id=\"2e7d291d\" data-element_type=\"widget\" data-e-type=\"widget\" data-settings=\"{&quot;_animation&quot;:&quot;fadeIn&quot;}\" data-widget_type=\"heading.default\">\n\t\t\t\t\t<h2 class=\"elementor-heading-title elementor-size-default\">Sobre o <\/h2>\t\t\t\t<\/div>\n\t\t\t\t<div class=\"elementor-element elementor-element-73d57094 animated-slow elementor-invisible elementor-widget elementor-widget-heading\" data-id=\"73d57094\" data-element_type=\"widget\" data-e-type=\"widget\" data-settings=\"{&quot;_animation&quot;:&quot;fadeIn&quot;}\" data-widget_type=\"heading.default\">\n\t\t\t\t\t<h2 class=\"elementor-heading-title elementor-size-default\">Supermercado  Pastorinho <\/h2>\t\t\t\t<\/div>\n\t\t\t\t<div class=\"elementor-element elementor-element-8244e1f animated-slow elementor-invisible elementor-widget elementor-widget-text-editor\" data-id=\"8244e1f\" data-element_type=\"widget\" data-e-type=\"widget\" data-settings=\"{&quot;_animation&quot;:&quot;fadeIn&quot;}\" data-widget_type=\"text-editor.default\">\n\t\t\t\t\t\t\t\t\t<p>Desde a sua funda\u00e7\u00e3o, o <strong>Supermercado Pastorinho<\/strong> atua no com\u00e9rcio varejista de alimentos com credibilidade, conquistando consumidores em todos os locais onde atende, com produtos de alta qualidade e bons pre\u00e7os.<\/p><p>Consolidou-se no mercado por prestar servi\u00e7os de alta qualidade, com dedica\u00e7\u00e3o aos seus clientes e funcion\u00e1rios, construindo v\u00ednculos de longo prazo com os clientes com base na confiabilidade e no profissionalismo.<br \/><br \/>Conta com uma equipe de colaboradores altamente qualificados, que partilham dos mesmos princ\u00edpios e valores da empresa, e que buscam sempre novos conhecimentos para melhor atender aos clientes.<br \/><br \/>Atua no setor de produtos aliment\u00edcios, oferecendo uma ampla gama de produtos da mais alta qualidade em suas 7 lojas que est\u00e3o se expandindo, com atendimento diferenciado e cordial.<\/p>\t\t\t\t\t\t\t\t<\/div>\n\t\t\t\t<\/div>\n\t\t\t\t\t<\/div>\n\t\t\t\t<\/div>\n\t\t\t\t<\/div>\n\t\t","protected":false},"excerpt":{"rendered":"<p>Sobre o Supermercado Pastorinho Desde a sua funda\u00e7\u00e3o, o Supermercado Pastorinho atua no com\u00e9rcio varejista de alimentos com credibilidade, conquistando consumidores em todos os locais onde atende, com produtos de alta qualidade e bons pre\u00e7os. Consolidou-se no mercado por prestar servi\u00e7os de alta qualidade, com dedica\u00e7\u00e3o aos seus clientes e funcion\u00e1rios, construindo v\u00ednculos de longo [&hellip;]<\/p>\n","protected":false},"author":1,"featured_media":0,"parent":0,"menu_order":0,"comment_status":"closed","ping_status":"closed","template":"elementor_header_footer","meta":{"footnotes":""},"class_list":["post-12","page","type-page","status-publish","hentry"],"_links":{"self":[{"href":"https:\/\/pastorinho.com.br\/lojabandeirantes\/wp-json\/wp\/v2\/pages\/12","targetHints":{"allow":["GET"]}}],"collection":[{"href":"https:\/\/pastorinho.com.br\/lojabandeirantes\/wp-json\/wp\/v2\/pages"}],"about":[{"href":"https:\/\/pastorinho.com.br\/lojabandeirantes\/wp-json\/wp\/v2\/types\/page"}],"author":[{"embeddable":true,"href":"https:\/\/pastorinho.com.br\/lojabandeirantes\/wp-json\/wp\/v2\/users\/1"}],"replies":[{"embeddable":true,"href":"https:\/\/pastorinho.com.br\/lojabandeirantes\/wp-json\/wp\/v2\/comments?post=12"}],"version-history":[{"count":0,"href":"https:\/\/pastorinho.com.br\/lojabandeirantes\/wp-json\/wp\/v2\/pages\/12\/revisions"}],"wp:attachment":[{"href":"https:\/\/pastorinho.com.br\/lojabandeirantes\/wp-json\/wp\/v2\/media?parent=12"}],"curies":[{"name":"wp","href":"https:\/\/api.w.org\/{rel}","templated":true}]}}