{"id":1075,"date":"2023-06-19T09:14:25","date_gmt":"2023-06-19T12:14:25","guid":{"rendered":"https:\/\/otimizacaotop20.com.br\/pastorinho\/?page_id=1075"},"modified":"2024-11-25T08:50:33","modified_gmt":"2024-11-25T11:50:33","slug":"pastorinho-lojas","status":"publish","type":"page","link":"https:\/\/pastorinho.com.br\/lojasantana\/pastorinho-lojas\/","title":{"rendered":"Lojas"},"content":{"rendered":"\t\t<div data-elementor-type=\"wp-page\" data-elementor-id=\"1075\" class=\"elementor elementor-1075\" data-elementor-post-type=\"page\">\n\t\t\t\t<div class=\"elementor-element elementor-element-1542d3c3 e-con-full e-flex e-con e-parent\" data-id=\"1542d3c3\" data-element_type=\"container\" data-e-type=\"container\" data-settings=\"{&quot;animation&quot;:&quot;none&quot;}\">\n\t\t\t\t<div class=\"elementor-element elementor-element-3d487c7f animated-slow elementor-invisible elementor-widget elementor-widget-heading\" data-id=\"3d487c7f\" data-element_type=\"widget\" data-e-type=\"widget\" data-settings=\"{&quot;_animation&quot;:&quot;fadeIn&quot;}\" data-widget_type=\"heading.default\">\n\t\t\t\t\t<h2 class=\"elementor-heading-title elementor-size-default\">Nossas Lojas<\/h2>\t\t\t\t<\/div>\n\t\t\t\t<div class=\"elementor-element elementor-element-18705df5 animated-slow elementor-invisible elementor-widget elementor-widget-heading\" data-id=\"18705df5\" data-element_type=\"widget\" data-e-type=\"widget\" data-settings=\"{&quot;_animation&quot;:&quot;fadeIn&quot;}\" data-widget_type=\"heading.default\">\n\t\t\t\t\t<h2 class=\"elementor-heading-title elementor-size-default\">Nossas lojas est\u00e3o sempre prontas para te receber, veja aqui a loja mais perto de voc\u00ea!<\/h2>\t\t\t\t<\/div>\n\t\t\t\t<div class=\"elementor-element elementor-element-569c08a5 upk-primary-meta-end-position--yes elementor-widget elementor-widget-upk-alter-grid\" data-id=\"569c08a5\" data-element_type=\"widget\" data-e-type=\"widget\" data-settings=\"{&quot;upk_in_animation_show&quot;:&quot;yes&quot;}\" data-widget_type=\"upk-alter-grid.default\">\n\t\t\t\t\t\n\t\t<div class=\"upk-alter-grid upk-ajax-grid\" data-loadmore=\"[]\">\n\t\t\t<div class=\"upk-post-grid upk-ajax-grid-wrap upk-style-1 upk-in-animation\" data-in-animation-delay=\"\">\n\n\t\t\t\t\n\t\t\t\t\t\t\t<div class=\"upk-item\">\n\t\t\t<div class=\"upk-item-box\">\n\t\t\t\t<div class=\"upk-img-wrap\">\n\t\t\t\t\t<div class=\"upk-main-img\">\n\t\t\t\t\t\t<img fetchpriority=\"high\" decoding=\"async\" width=\"680\" height=\"510\" src=\"https:\/\/pastorinho.com.br\/lojasantana\/wp-content\/uploads\/2023\/06\/loja-pastorinho-presidente-prudente\u2013centro.jpg\" class=\"upk-img\" alt=\"Pastorinho Presidente Prudente \u2013 Centro\" srcset=\"https:\/\/pastorinho.com.br\/lojasantana\/wp-content\/uploads\/2023\/06\/loja-pastorinho-presidente-prudente\u2013centro.jpg 680w, https:\/\/pastorinho.com.br\/lojasantana\/wp-content\/uploads\/2023\/06\/loja-pastorinho-presidente-prudente\u2013centro-300x225.jpg 300w, https:\/\/pastorinho.com.br\/lojasantana\/wp-content\/uploads\/2023\/06\/loja-pastorinho-presidente-prudente\u2013centro-600x450.jpg 600w\" sizes=\"(max-width: 680px) 100vw, 680px\" \/>\t\t\t\t\t\t\t\t\t\t\t\t\t\t\t\t\t<\/div>\n\t\t\t\t<\/div>\n\n\t\t\t\t<div class=\"upk-content\">\n\t\t\t\t\t<div>\n\n\t\t\t\t\t\t\t\t<div class=\"upk-category\">\n\t\t\t<a href=\"https:\/\/pastorinho.com.br\/lojasantana\/category\/loja-pastorinho-presidente-prudente-centro\/\" \n\t\t\t\t\t\t\taria-label=\"Category Loja Pastorinho Presidente Prudente \u2013 Centro\">Loja Pastorinho Presidente Prudente \u2013 Centro<\/a>\t\t<\/div>\n\t\n\t\t\t\t\t\t<h3 class=\"upk-title\"><a href=\"https:\/\/pastorinho.com.br\/lojasantana\/pastorinho-presidente-prudente-centro\/\" title=\"Pastorinho Presidente Prudente \u2013 Centro\" class=\"title-animation-underline\" aria-label=\"Pastorinho Presidente Prudente \u2013 Centro\">Pastorinho Presidente Prudente \u2013 Centro<\/a><\/h3>\t\t\t\t\t\t<div class=\"upk-text-wrap\">\n\t\t\t\t\t\t\t\t\t<div class=\"upk-text\">\n\t\t\t<p>Rua Major Felicio Tarabay, 615 \u2013 Centro \u2013 Presidente Prudente \u2013 SP Telefone: 18-3226-0100 E-mail:\u00a0pcentro@pastorinho.com.br Hor\u00e1rio: Segunda a S\u00e1bado 07:00 \u00e0s 20:00. Domingos e feriados 07:30 \u00e0s 13:00<\/p>\n\t\t<\/div>\n\t\t\t\t\t\t\t\t\t\t\t\t\t\t\t<\/div>\n\n\t\t\t\t\t\t\n\t\t\t\t\t<\/div>\n\t\t\t\t<\/div>\n\n\t\t\t<\/div>\n\t\t<\/div>\n\t\n\t\t\t\t\n\t\t\t\t\t\t\t<div class=\"upk-item\">\n\t\t\t<div class=\"upk-item-box\">\n\t\t\t\t<div class=\"upk-img-wrap\">\n\t\t\t\t\t<div class=\"upk-main-img\">\n\t\t\t\t\t\t<img decoding=\"async\" width=\"680\" height=\"510\" src=\"https:\/\/pastorinho.com.br\/lojasantana\/wp-content\/uploads\/2023\/06\/loja-pastorinho-sao-jose-do-rio-preto.jpg\" class=\"upk-img\" alt=\"Pastorinho S\u00e3o Jos\u00e9 do Rio Preto\" srcset=\"https:\/\/pastorinho.com.br\/lojasantana\/wp-content\/uploads\/2023\/06\/loja-pastorinho-sao-jose-do-rio-preto.jpg 680w, https:\/\/pastorinho.com.br\/lojasantana\/wp-content\/uploads\/2023\/06\/loja-pastorinho-sao-jose-do-rio-preto-300x225.jpg 300w, https:\/\/pastorinho.com.br\/lojasantana\/wp-content\/uploads\/2023\/06\/loja-pastorinho-sao-jose-do-rio-preto-600x450.jpg 600w\" sizes=\"(max-width: 680px) 100vw, 680px\" \/>\t\t\t\t\t\t\t\t\t\t\t\t\t\t\t\t\t<\/div>\n\t\t\t\t<\/div>\n\n\t\t\t\t<div class=\"upk-content\">\n\t\t\t\t\t<div>\n\n\t\t\t\t\t\t\t\t<div class=\"upk-category\">\n\t\t\t<a href=\"https:\/\/pastorinho.com.br\/lojasantana\/category\/loja-pastorinho-sao-jose-do-rio-preto\/\" \n\t\t\t\t\t\t\taria-label=\"Category Loja Pastorinho S\u00e3o Jos\u00e9 do Rio Preto\">Loja Pastorinho S\u00e3o Jos\u00e9 do Rio Preto<\/a>\t\t<\/div>\n\t\n\t\t\t\t\t\t<h3 class=\"upk-title\"><a href=\"https:\/\/pastorinho.com.br\/lojasantana\/pastorinho-sao-jose-rio-preto\/\" title=\"Pastorinho S\u00e3o Jos\u00e9 do Rio Preto\" class=\"title-animation-underline\" aria-label=\"Pastorinho S\u00e3o Jos\u00e9 do Rio Preto\">Pastorinho S\u00e3o Jos\u00e9 do Rio Preto<\/a><\/h3>\t\t\t\t\t\t<div class=\"upk-text-wrap\">\n\t\t\t\t\t\t\t\t\t<div class=\"upk-text\">\n\t\t\t<p>Avenida Baddy Bassiti, 2644 \u2013 Boa Vista \u2013 S\u00e3o Jos\u00e9 do Rio Preto \u2013 SP&nbsp; Telefone: 17-3233-2700-E-mail:&nbsp;rpreto@pastorinho.com.br Hor\u00e1rio: Segunda a S\u00e1bado: 07:40 \u00e0s 20:00. Domingos e Feriados 07:40 \u00e0s 20:00<\/p>\n\t\t<\/div>\n\t\t\t\t\t\t\t\t\t\t\t\t\t\t\t<\/div>\n\n\t\t\t\t\t\t\n\t\t\t\t\t<\/div>\n\t\t\t\t<\/div>\n\n\t\t\t<\/div>\n\t\t<\/div>\n\t\n\t\t\t\t\n\t\t\t\t\t\t\t<div class=\"upk-item\">\n\t\t\t<div class=\"upk-item-box\">\n\t\t\t\t<div class=\"upk-img-wrap\">\n\t\t\t\t\t<div class=\"upk-main-img\">\n\t\t\t\t\t\t<img decoding=\"async\" width=\"680\" height=\"510\" src=\"https:\/\/pastorinho.com.br\/lojasantana\/wp-content\/uploads\/2023\/06\/loja-pastorinho-bandeirantes-1.jpg\" class=\"upk-img\" alt=\"Pastorinho Bandeirantes\" srcset=\"https:\/\/pastorinho.com.br\/lojasantana\/wp-content\/uploads\/2023\/06\/loja-pastorinho-bandeirantes-1.jpg 680w, https:\/\/pastorinho.com.br\/lojasantana\/wp-content\/uploads\/2023\/06\/loja-pastorinho-bandeirantes-1-300x225.jpg 300w, https:\/\/pastorinho.com.br\/lojasantana\/wp-content\/uploads\/2023\/06\/loja-pastorinho-bandeirantes-1-600x450.jpg 600w\" sizes=\"(max-width: 680px) 100vw, 680px\" \/>\t\t\t\t\t\t\t\t\t\t\t\t\t\t\t\t\t<\/div>\n\t\t\t\t<\/div>\n\n\t\t\t\t<div class=\"upk-content\">\n\t\t\t\t\t<div>\n\n\t\t\t\t\t\t\t\t<div class=\"upk-category\">\n\t\t\t<a href=\"https:\/\/pastorinho.com.br\/lojasantana\/category\/loja-pastorinho-bandeirantes\/\" \n\t\t\t\t\t\t\taria-label=\"Category Loja Pastorinho Bandeirantes\">Loja Pastorinho Bandeirantes<\/a>\t\t<\/div>\n\t\n\t\t\t\t\t\t<h3 class=\"upk-title\"><a href=\"https:\/\/pastorinho.com.br\/lojasantana\/pastorinho-bandeirantes\/\" title=\"Pastorinho Bandeirantes\" class=\"title-animation-underline\" aria-label=\"Pastorinho Bandeirantes\">Pastorinho Bandeirantes<\/a><\/h3>\t\t\t\t\t\t<div class=\"upk-text-wrap\">\n\t\t\t\t\t\t\t\t\t<div class=\"upk-text\">\n\t\t\t<p>Avenida Raimundo Pereira de Magalh\u00e3es, 1652 \u2013 Jardim Iris \u2013 S\u00e3o Paulo \u2013 SP Telefone: 11-3643-0600 E-mail:\u00a0bandeirantes@pastorinho.com.br Hor\u00e1rio: Segunda a S\u00e1bado 07:30 \u00e0s 22:00. Domingos e feriados 08:00 \u00e0s 21:00<\/p>\n\t\t<\/div>\n\t\t\t\t\t\t\t\t\t\t\t\t\t\t\t<\/div>\n\n\t\t\t\t\t\t\n\t\t\t\t\t<\/div>\n\t\t\t\t<\/div>\n\n\t\t\t<\/div>\n\t\t<\/div>\n\t\n\t\t\t\t\n\t\t\t\t\t\t\t<div class=\"upk-item\">\n\t\t\t<div class=\"upk-item-box\">\n\t\t\t\t<div class=\"upk-img-wrap\">\n\t\t\t\t\t<div class=\"upk-main-img\">\n\t\t\t\t\t\t<img loading=\"lazy\" decoding=\"async\" width=\"680\" height=\"510\" src=\"https:\/\/pastorinho.com.br\/lojasantana\/wp-content\/uploads\/2023\/06\/loja-pastorinho-perdizes-1.jpg\" class=\"upk-img\" alt=\"Pastorinho Perdizes\" srcset=\"https:\/\/pastorinho.com.br\/lojasantana\/wp-content\/uploads\/2023\/06\/loja-pastorinho-perdizes-1.jpg 680w, https:\/\/pastorinho.com.br\/lojasantana\/wp-content\/uploads\/2023\/06\/loja-pastorinho-perdizes-1-300x225.jpg 300w, https:\/\/pastorinho.com.br\/lojasantana\/wp-content\/uploads\/2023\/06\/loja-pastorinho-perdizes-1-600x450.jpg 600w\" sizes=\"(max-width: 680px) 100vw, 680px\" \/>\t\t\t\t\t\t\t\t\t\t\t\t\t\t\t\t\t<\/div>\n\t\t\t\t<\/div>\n\n\t\t\t\t<div class=\"upk-content\">\n\t\t\t\t\t<div>\n\n\t\t\t\t\t\t\t\t<div class=\"upk-category\">\n\t\t\t<a href=\"https:\/\/pastorinho.com.br\/lojasantana\/category\/loja-pastorinho-perdizes\/\" \n\t\t\t\t\t\t\taria-label=\"Category Loja Pastorinho Perdizes\">Loja Pastorinho Perdizes<\/a>\t\t<\/div>\n\t\n\t\t\t\t\t\t<h3 class=\"upk-title\"><a href=\"https:\/\/pastorinho.com.br\/lojasantana\/pastorinho-perdizes\/\" title=\"Pastorinho Perdizes\" class=\"title-animation-underline\" aria-label=\"Pastorinho Perdizes\">Pastorinho Perdizes<\/a><\/h3>\t\t\t\t\t\t<div class=\"upk-text-wrap\">\n\t\t\t\t\t\t\t\t\t<div class=\"upk-text\">\n\t\t\t<p>Rua Jo\u00e3o Ramalho, 586 loja \u2013 Perdizes \u2013 S\u00e3o Paulo \u2013 SP Telefone: 11-3672-7370 e-mail:&nbsp;perdizes@pastorinho.com.br Hor\u00e1rio: Segunda a S\u00e1bado 07:00 \u00e0s 21:00. Domingos e feriados 07:00 \u00e0s 19:00<\/p>\n\t\t<\/div>\n\t\t\t\t\t\t\t\t\t\t\t\t\t\t\t<\/div>\n\n\t\t\t\t\t\t\n\t\t\t\t\t<\/div>\n\t\t\t\t<\/div>\n\n\t\t\t<\/div>\n\t\t<\/div>\n\t\n\t\t\t\t\n\t\t\t\t\t\t\t<div class=\"upk-item\">\n\t\t\t<div class=\"upk-item-box\">\n\t\t\t\t<div class=\"upk-img-wrap\">\n\t\t\t\t\t<div class=\"upk-main-img\">\n\t\t\t\t\t\t<img loading=\"lazy\" decoding=\"async\" width=\"680\" height=\"510\" src=\"https:\/\/pastorinho.com.br\/lojasantana\/wp-content\/uploads\/2023\/06\/loja-pastorinho-vila-mariana.jpg\" class=\"upk-img\" alt=\"Pastorinho Vila Mariana\" srcset=\"https:\/\/pastorinho.com.br\/lojasantana\/wp-content\/uploads\/2023\/06\/loja-pastorinho-vila-mariana.jpg 680w, https:\/\/pastorinho.com.br\/lojasantana\/wp-content\/uploads\/2023\/06\/loja-pastorinho-vila-mariana-300x225.jpg 300w, https:\/\/pastorinho.com.br\/lojasantana\/wp-content\/uploads\/2023\/06\/loja-pastorinho-vila-mariana-600x450.jpg 600w\" sizes=\"(max-width: 680px) 100vw, 680px\" \/>\t\t\t\t\t\t\t\t\t\t\t\t\t\t\t\t\t<\/div>\n\t\t\t\t<\/div>\n\n\t\t\t\t<div class=\"upk-content\">\n\t\t\t\t\t<div>\n\n\t\t\t\t\t\t\t\t<div class=\"upk-category\">\n\t\t\t<a href=\"https:\/\/pastorinho.com.br\/lojasantana\/category\/loja-pastorinho-vila-mariana\/\" \n\t\t\t\t\t\t\taria-label=\"Category Loja Pastorinho Vila Mariana\">Loja Pastorinho Vila Mariana<\/a>\t\t<\/div>\n\t\n\t\t\t\t\t\t<h3 class=\"upk-title\"><a href=\"https:\/\/pastorinho.com.br\/lojasantana\/pastorinho-vila-mariana\/\" title=\"Pastorinho Vila Mariana\" class=\"title-animation-underline\" aria-label=\"Pastorinho Vila Mariana\">Pastorinho Vila Mariana<\/a><\/h3>\t\t\t\t\t\t<div class=\"upk-text-wrap\">\n\t\t\t\t\t\t\t\t\t<div class=\"upk-text\">\n\t\t\t<p>Rua Domingos de Morais, 1999\u2013Vila Mariana \u2013 S\u00e3o Paulo \u2013 SP Telefone: 11-5904-0300-E-mail:&nbsp;vmariana@pastorinho.com.br Hor\u00e1rio da loja: Segunda a S\u00e1bado 07:30 horas \u00e0s 22:00 horas. Domingos e feriados 07:30 horas \u00e0s 20:00 horas<\/p>\n\t\t<\/div>\n\t\t\t\t\t\t\t\t\t\t\t\t\t\t\t<\/div>\n\n\t\t\t\t\t\t\n\t\t\t\t\t<\/div>\n\t\t\t\t<\/div>\n\n\t\t\t<\/div>\n\t\t<\/div>\n\t\n\t\t\t\t\n\t\t\t\t\t\t\t<div class=\"upk-item\">\n\t\t\t<div class=\"upk-item-box\">\n\t\t\t\t<div class=\"upk-img-wrap\">\n\t\t\t\t\t<div class=\"upk-main-img\">\n\t\t\t\t\t\t<img loading=\"lazy\" decoding=\"async\" width=\"680\" height=\"510\" src=\"https:\/\/pastorinho.com.br\/lojasantana\/wp-content\/uploads\/2023\/06\/loja-pastorinho-santana.jpg\" class=\"upk-img\" alt=\"Pastorinho Santana\" srcset=\"https:\/\/pastorinho.com.br\/lojasantana\/wp-content\/uploads\/2023\/06\/loja-pastorinho-santana.jpg 680w, https:\/\/pastorinho.com.br\/lojasantana\/wp-content\/uploads\/2023\/06\/loja-pastorinho-santana-300x225.jpg 300w, https:\/\/pastorinho.com.br\/lojasantana\/wp-content\/uploads\/2023\/06\/loja-pastorinho-santana-600x450.jpg 600w\" sizes=\"(max-width: 680px) 100vw, 680px\" \/>\t\t\t\t\t\t\t\t\t\t\t\t\t\t\t\t\t<\/div>\n\t\t\t\t<\/div>\n\n\t\t\t\t<div class=\"upk-content\">\n\t\t\t\t\t<div>\n\n\t\t\t\t\t\t\t\t<div class=\"upk-category\">\n\t\t\t<a href=\"https:\/\/pastorinho.com.br\/lojasantana\/category\/loja-pastorinho-santana\/\" \n\t\t\t\t\t\t\taria-label=\"Category Loja Pastorinho Santana\">Loja Pastorinho Santana<\/a>\t\t<\/div>\n\t\n\t\t\t\t\t\t<h3 class=\"upk-title\"><a href=\"https:\/\/pastorinho.com.br\/lojasantana\/pastorinho-santana\/\" title=\"Pastorinho Santana\" class=\"title-animation-underline\" aria-label=\"Pastorinho Santana\">Pastorinho Santana<\/a><\/h3>\t\t\t\t\t\t<div class=\"upk-text-wrap\">\n\t\t\t\t\t\t\t\t\t<div class=\"upk-text\">\n\t\t\t<p>Rua Conselheiro Moreira de Barros, 240-Santana\u2013SP Telefone: 11-2099-6000 E-mail:\u00a0santana@pastorinho.com.br Hor\u00e1rio da loja: Segunda a S\u00e1bado 07:00 \u00e0s 22:00. Domingos e feriados 07:00 \u00e0s 20:00 Hor\u00e1rio do magazine: Segunda a S\u00e1bado 08:00 \u00e0s<\/p>\n\t\t<\/div>\n\t\t\t\t\t\t\t\t\t\t\t\t\t\t\t<\/div>\n\n\t\t\t\t\t\t\n\t\t\t\t\t<\/div>\n\t\t\t\t<\/div>\n\n\t\t\t<\/div>\n\t\t<\/div>\n\t\n\t\t\t\t\n\t\t\t\t\t\t\t<div class=\"upk-item\">\n\t\t\t<div class=\"upk-item-box\">\n\t\t\t\t<div class=\"upk-img-wrap\">\n\t\t\t\t\t<div class=\"upk-main-img\">\n\t\t\t\t\t\t<img loading=\"lazy\" decoding=\"async\" width=\"599\" height=\"400\" src=\"https:\/\/pastorinho.com.br\/lojasantana\/wp-content\/uploads\/2023\/06\/pastorinho-proteinas-webp.webp\" class=\"upk-img\" alt=\"Qual a diferen\u00e7a de prote\u00edna e carboidratos?\" srcset=\"https:\/\/pastorinho.com.br\/lojasantana\/wp-content\/uploads\/2023\/06\/pastorinho-proteinas-webp.webp 599w, https:\/\/pastorinho.com.br\/lojasantana\/wp-content\/uploads\/2023\/06\/pastorinho-proteinas-webp-300x200.webp 300w\" sizes=\"(max-width: 599px) 100vw, 599px\" \/>\t\t\t\t\t\t\t\t\t\t\t\t\t\t\t\t\t<\/div>\n\t\t\t\t<\/div>\n\n\t\t\t\t<div class=\"upk-content\">\n\t\t\t\t\t<div>\n\n\t\t\t\t\t\t\t\t<div class=\"upk-category\">\n\t\t\t<a href=\"https:\/\/pastorinho.com.br\/lojasantana\/category\/proteina-e-carboidratos\/\" \n\t\t\t\t\t\t\taria-label=\"Category Prote\u00edna e carboidratos\">Prote\u00edna e carboidratos<\/a>\t\t<\/div>\n\t\n\t\t\t\t\t\t<h3 class=\"upk-title\"><a href=\"https:\/\/pastorinho.com.br\/lojasantana\/qual-a-diferenca-de-proteina-e-carboidratos\/\" title=\"Qual a diferen\u00e7a de prote\u00edna e carboidratos?\" class=\"title-animation-underline\" aria-label=\"Qual a diferen\u00e7a de prote\u00edna e carboidratos?\">Qual a diferen\u00e7a de prote\u00edna e carboidratos?<\/a><\/h3>\t\t\t\t\t\t<div class=\"upk-text-wrap\">\n\t\t\t\t\t\t\t\t\t<div class=\"upk-text\">\n\t\t\t<p>Prote\u00ednas e carboidratos s\u00e3o dois tipos importantes de nutrientes que o corpo precisa para funcionar corretamente. As prote\u00ednas s\u00e3o essenciais para a constru\u00e7\u00e3o e repara\u00e7\u00e3o dos tecidos, enquanto os carboidratos fornecem energia<\/p>\n\t\t<\/div>\n\t\t\t\t\t\t\t\t\t\t\t\t\t\t\t<\/div>\n\n\t\t\t\t\t\t\n\t\t\t\t\t<\/div>\n\t\t\t\t<\/div>\n\n\t\t\t<\/div>\n\t\t<\/div>\n\t\n\t\t\t\t\n\t\t\t\t\t\t\t<div class=\"upk-item\">\n\t\t\t<div class=\"upk-item-box\">\n\t\t\t\t<div class=\"upk-img-wrap\">\n\t\t\t\t\t<div class=\"upk-main-img\">\n\t\t\t\t\t\t<img loading=\"lazy\" decoding=\"async\" width=\"400\" height=\"267\" src=\"https:\/\/pastorinho.com.br\/lojasantana\/wp-content\/uploads\/2023\/06\/pastorinho-gasto-calorico.jpg\" class=\"upk-img\" alt=\"Como calcular seu gasto cal\u00f3rico?\" srcset=\"https:\/\/pastorinho.com.br\/lojasantana\/wp-content\/uploads\/2023\/06\/pastorinho-gasto-calorico.jpg 400w, https:\/\/pastorinho.com.br\/lojasantana\/wp-content\/uploads\/2023\/06\/pastorinho-gasto-calorico-300x200.jpg 300w\" sizes=\"(max-width: 400px) 100vw, 400px\" \/>\t\t\t\t\t\t\t\t\t\t\t\t\t\t\t\t\t<\/div>\n\t\t\t\t<\/div>\n\n\t\t\t\t<div class=\"upk-content\">\n\t\t\t\t\t<div>\n\n\t\t\t\t\t\t\t\t<div class=\"upk-category\">\n\t\t\t<a href=\"https:\/\/pastorinho.com.br\/lojasantana\/category\/gasto-calorico\/\" \n\t\t\t\t\t\t\taria-label=\"Category Gasto Cal\u00f3rico?\">Gasto Cal\u00f3rico?<\/a>\t\t<\/div>\n\t\n\t\t\t\t\t\t<h3 class=\"upk-title\"><a href=\"https:\/\/pastorinho.com.br\/lojasantana\/como-calcular-seu-gasto-calorico\/\" title=\"Como calcular seu gasto cal\u00f3rico?\" class=\"title-animation-underline\" aria-label=\"Como calcular seu gasto cal\u00f3rico?\">Como calcular seu gasto cal\u00f3rico?<\/a><\/h3>\t\t\t\t\t\t<div class=\"upk-text-wrap\">\n\t\t\t\t\t\t\t\t\t<div class=\"upk-text\">\n\t\t\t<p>O gasto cal\u00f3rico \u00e9 a quantidade total de energia que o corpo gasta por dia, incluindo a energia que o corpo precisa para manter as fun\u00e7\u00f5es b\u00e1sicas, como respira\u00e7\u00e3o ou os batimentos<\/p>\n\t\t<\/div>\n\t\t\t\t\t\t\t\t\t\t\t\t\t\t\t<\/div>\n\n\t\t\t\t\t\t\n\t\t\t\t\t<\/div>\n\t\t\t\t<\/div>\n\n\t\t\t<\/div>\n\t\t<\/div>\n\t\n\t\t\t\t\n\t\t\t\t\t\t\t<div class=\"upk-item\">\n\t\t\t<div class=\"upk-item-box\">\n\t\t\t\t<div class=\"upk-img-wrap\">\n\t\t\t\t\t<div class=\"upk-main-img\">\n\t\t\t\t\t\t<img loading=\"lazy\" decoding=\"async\" width=\"600\" height=\"400\" src=\"https:\/\/pastorinho.com.br\/lojasantana\/wp-content\/uploads\/2023\/06\/pastorinho-alimentos-saudaveis-webp.webp\" class=\"upk-img\" alt=\"Ser\u00e1 que existe alimento bom ou ruim?\" srcset=\"https:\/\/pastorinho.com.br\/lojasantana\/wp-content\/uploads\/2023\/06\/pastorinho-alimentos-saudaveis-webp.webp 600w, https:\/\/pastorinho.com.br\/lojasantana\/wp-content\/uploads\/2023\/06\/pastorinho-alimentos-saudaveis-webp-300x200.webp 300w\" sizes=\"(max-width: 600px) 100vw, 600px\" \/>\t\t\t\t\t\t\t\t\t\t\t\t\t\t\t\t\t<\/div>\n\t\t\t\t<\/div>\n\n\t\t\t\t<div class=\"upk-content\">\n\t\t\t\t\t<div>\n\n\t\t\t\t\t\t\t\t<div class=\"upk-category\">\n\t\t\t<a href=\"https:\/\/pastorinho.com.br\/lojasantana\/category\/alimentos-saudaveis\/\" \n\t\t\t\t\t\t\taria-label=\"Category Alimentos Saud\u00e1veis\">Alimentos Saud\u00e1veis<\/a>\t\t<\/div>\n\t\n\t\t\t\t\t\t<h3 class=\"upk-title\"><a href=\"https:\/\/pastorinho.com.br\/lojasantana\/sera-que-existe-alimento-bom-ou-ruim\/\" title=\"Ser\u00e1 que existe alimento bom ou ruim?\" class=\"title-animation-underline\" aria-label=\"Ser\u00e1 que existe alimento bom ou ruim?\">Ser\u00e1 que existe alimento bom ou ruim?<\/a><\/h3>\t\t\t\t\t\t<div class=\"upk-text-wrap\">\n\t\t\t\t\t\t\t\t\t<div class=\"upk-text\">\n\t\t\t<p>Existe uma cren\u00e7a popular de que alguns alimentos s\u00e3o \u201cbons\u201d e outros s\u00e3o \u201cruins\u201d, mas na verdade, n\u00e3o existe tal coisa como alimentos \u201cbons\u201d ou \u201cruins\u201d. Todos os alimentos t\u00eam valor nutricional<\/p>\n\t\t<\/div>\n\t\t\t\t\t\t\t\t\t\t\t\t\t\t\t<\/div>\n\n\t\t\t\t\t\t\n\t\t\t\t\t<\/div>\n\t\t\t\t<\/div>\n\n\t\t\t<\/div>\n\t\t<\/div>\n\t\n\t\t\t\t\t\t\t<\/div>\n\t\t<\/div>\n\n\t\t\n\t\t\t\t\t\t<\/div>\n\t\t\t\t<div class=\"elementor-element elementor-element-e49c61b elementor-align-center elementor-invisible elementor-widget elementor-widget-button\" data-id=\"e49c61b\" data-element_type=\"widget\" data-e-type=\"widget\" data-settings=\"{&quot;_animation&quot;:&quot;bounceIn&quot;}\" data-widget_type=\"button.default\">\n\t\t\t\t\t\t\t\t\t\t<a class=\"elementor-button elementor-button-link elementor-size-lg elementor-animation-grow\" href=\"https:\/\/pastorinho.com.br\/blog\/\">\n\t\t\t\t\t\t<span class=\"elementor-button-content-wrapper\">\n\t\t\t\t\t\t\t\t\t<span class=\"elementor-button-text\">Acessar o Blog<\/span>\n\t\t\t\t\t<\/span>\n\t\t\t\t\t<\/a>\n\t\t\t\t\t\t\t\t<\/div>\n\t\t\t\t<\/div>\n\t\t\t\t<\/div>\n\t\t","protected":false},"excerpt":{"rendered":"<p>Nossas Lojas Nossas lojas est\u00e3o sempre prontas para te receber, veja aqui a loja mais perto de voc\u00ea! Loja Pastorinho Presidente Prudente \u2013 Centro Pastorinho Presidente Prudente \u2013 Centro Rua Major Felicio Tarabay, 615 \u2013 Centro \u2013 Presidente Prudente \u2013 SP Telefone: 18-3226-0100 E-mail:\u00a0pcentro@pastorinho.com.br Hor\u00e1rio: Segunda a S\u00e1bado 07:00 \u00e0s 20:00. Domingos e feriados 07:30 [&hellip;]<\/p>\n","protected":false},"author":1,"featured_media":0,"parent":0,"menu_order":0,"comment_status":"closed","ping_status":"closed","template":"elementor_header_footer","meta":{"footnotes":""},"class_list":["post-1075","page","type-page","status-publish","hentry"],"_links":{"self":[{"href":"https:\/\/pastorinho.com.br\/lojasantana\/wp-json\/wp\/v2\/pages\/1075","targetHints":{"allow":["GET"]}}],"collection":[{"href":"https:\/\/pastorinho.com.br\/lojasantana\/wp-json\/wp\/v2\/pages"}],"about":[{"href":"https:\/\/pastorinho.com.br\/lojasantana\/wp-json\/wp\/v2\/types\/page"}],"author":[{"embeddable":true,"href":"https:\/\/pastorinho.com.br\/lojasantana\/wp-json\/wp\/v2\/users\/1"}],"replies":[{"embeddable":true,"href":"https:\/\/pastorinho.com.br\/lojasantana\/wp-json\/wp\/v2\/comments?post=1075"}],"version-history":[{"count":0,"href":"https:\/\/pastorinho.com.br\/lojasantana\/wp-json\/wp\/v2\/pages\/1075\/revisions"}],"wp:attachment":[{"href":"https:\/\/pastorinho.com.br\/lojasantana\/wp-json\/wp\/v2\/media?parent=1075"}],"curies":[{"name":"wp","href":"https:\/\/api.w.org\/{rel}","templated":true}]}}